7) prime?
False
Let j = -544293 + 883992. Is j a composite number?
True
Let o(u) = 569*u**2 + 30*u - 24. Is o(-7) a composite number?
False
Suppose 0 = -4*v - 3*c + 404452, -17*c + 20*c = v - 101083. Is v a composite number?
False
Let c(d) be the first derivative of d**4/4 - 2*d**3 - 3*d**2/2 + 15*d + 47. Let m be c(6). Is m*((-2513)/3)/1 prime?
False
Suppose 445752 - 3713339 = -21*g + 540910. Is g a prime number?
False
Suppose 77*w + 650972 = 105*w. Is w prime?
False
Suppose -4 = 6*k - 2*k. Let y(h) = 677*h + 715. Let j(z) = 677*z + 858. Let x(o) = 5*j(o) - 6*y(o). Is x(k) a composite number?
False
Let p(v) = -v**2 + 28. Let x be p(-5). Is 20/x + -5 + (-24568)/(-3) a composite number?
False
Let i = -296435 - -426337. Is i prime?
False
Let u(f) = -2160*f + 254. Is u(-2) prime?
False
Suppose -u = -76 + 71. Let f(w) = -654*w**2 + w - 6. Let o(q) = -1309*q**2 + 2*q - 11. Let h(y) = u*f(y) - 3*o(y). Is h(-2) a composite number?
False
Let g = 408 + -387. Suppose 0 = -2*m + 4*k + 48634, -24*m + g*m + 72957 = -4*k. Is m a composite number?
True
Let r(j) = 272*j**2 + 47*j + 246. Is r(-23) a composite number?
False
Let g(u) = -4047*u - 8399. Is g(-8) prime?
True
Let w be -4 - (-10 + 1 - -3). Suppose 15 = 4*s + 31. Is (w/6)/((28/(-8799))/s) a prime number?
True
Let m be (4 - 2 - 1) + (-3 - -166). Suppose -m*g = -165*g + 1895. Is g a composite number?
True
Let d = -13847 + 25111. Suppose -6*l + 2*l = -4*z - d, z + 8454 = 3*l. Is l prime?
True
Let r be ((-8)/48*-21)/(3/15378). Suppose 5*s + 6*s - r = 0. Is s composite?
True
Let q(p) be the third derivative of -p**6/60 - 7*p**5/20 + 5*p**4/6 + 7*p**3/6 + 74*p**2. Is q(-16) composite?
False
Let s(r) = -r**2 + 8*r - 13. Let o be s(4). Suppose -4 = -4*x + 3*d, o*d + 0*d - 1 = -x. Is 1314 + (2 + 1)/x prime?
False
Let j(c) = -685*c + 18. Let v be j(3). Let z = v + 4496. Is z a prime number?
True
Suppose s = -s - 8. Let f be 7/((-7)/s) - (-709 + 2). Let r = 1408 - f. Is r a composite number?
True
Let h = 5555 - 3824. Suppose -4*g - h = -g. Let f = g + 894. Is f prime?
True
Suppose 17*i + 13 = 64. Suppose 64 = 5*b + i*b. Let y(s) = -s**3 + 11*s**2 - 4*s - 15. Is y(b) a composite number?
True
Suppose -82*q + 651530 + 18550135 = 4303987. Is q prime?
False
Let m = -545004 + 909031. Is m composite?
False
Suppose 5*s + 7160 = -3*p + 1022, 0 = 2*s + 2*p + 2456. Let y = s - -174. Let n = -556 - y. Is n prime?
False
Let z be 111/148*8*6. Is (-9)/(-1)*9228/z composite?
True
Suppose -43*q - 14868 = -22*q. Let v = q + 1187. Is v composite?
False
Let l be (-442)/((-65)/(-52)*(-2)/5). Is -2 + l + 1 + 6 a composite number?
True
Suppose -5*o = 2*c + 1, 6*o + 7 = c + o. Suppose 3*q - c*x = 1137, 4*x + 1406 - 269 = 3*q. Is q a composite number?
False
Suppose 0 = 3*t - 2*m - 61, -t + 0*m = -4*m - 27. Let b(z) = 9*z + 66. Is b(t) composite?
True
Let p = -162414 + 247073. Is p prime?
True
Let a(v) = 1759*v**2 - 23*v - 89. Is a(-10) a prime number?
True
Suppose -40*m - 55 + 215 = 0. Suppose -2*o = -m*y - 4778, y - 3491 - 1297 = -2*o. Is o prime?
True
Let i = -154 - -164. Suppose -5*u = -3*u + i, -5*o - u = -3160. Is o prime?
False
Suppose 61 - 45 = 4*s. Suppose -s = -d - 1. Suppose 703 = d*p - 464. Is p a prime number?
True
Let j = 26 + -20. Suppose -j*f + 2*f = -12. Suppose 0 = 5*n + 2*l - 1285, -f*n + 0*l - 3*l + 771 = 0. Is n a prime number?
True
Let i = 49 - 22. Is 8/108 + 60397/i prime?
True
Let f be (-1 + 34)*(6 - (-350)/(-42)). Is 3902 - (4/(-22) + (-322)/f) a composite number?
True
Let i = -220 + 224. Suppose 2*s - 2*l = 12212, -24394 = -i*s + 12*l - 14*l. Is s a prime number?
True
Suppose 16674*s - 16661*s = 2063503. Is s composite?
False
Suppose 4*j + 4*l - 24780 = 0, 35767 - 4774 = 5*j - 4*l. Is j prime?
True
Let r(m) = 5756*m**2 - 3*m + 1. Let i be r(1). Suppose -4*n = 4*l - 11512, 3*n - 4*l = 5*n - i. Is n a prime number?
True
Let c(l) = -31*l - 22. Let f be c(-2). Let z(u) = -u**3 + 48*u**2 - 71*u + 95. Is z(f) prime?
False
Suppose 2*c + 4*y - 11 + 3 = 0, 3*c = -4*y + 12. Is (-5520)/(-5) - (-28)/c a prime number?
False
Suppose -3387683 = -5*s + 4*a, 17*a - 677552 = -s + 20*a. Is s a prime number?
True
Let q(p) = -134*p**3 - 34*p**2 + 65*p - 392. Is q(-27) a prime number?
True
Let g = 603 + -713. Let h = -39 - g. Is h composite?
False
Let f(l) = -95414*l - 129. Is f(-2) composite?
False
Suppose 4*b - 6 = 18. Suppose 1195 = -r + b*r. Is r a composite number?
False
Is 5791680/17 + 13/(-221) prime?
True
Let i = -224 + 70. Suppose 1252 = -3*h + 364. Let f = i - h. Is f a composite number?
True
Let s(h) = -11*h + 23*h - 26 - 15*h. Let p be s(-11). Let v = 33 - p. Is v a composite number?
True
Suppose 1460 = 4*x + 60696. Let o = x - -23466. Is o a composite number?
True
Let n = 19719 + 22790. Is n composite?
False
Let u = 4453 - -27820. Is u prime?
False
Let n(k) = -1201*k + 920. Is n(-51) prime?
True
Suppose 4*g + 971250 = s - 117479, 0 = g - 5. Is s a composite number?
False
Let k be (-8)/20 - (-84)/(-15). Is 9 + k - 9 - -4895 a composite number?
False
Suppose 4*r + 3001112 = 4*y, r - 3001107 = -334*y + 330*y. Is y a prime number?
False
Let i(q) be the third derivative of 37*q**5/60 + q**4/3 + 7*q**3/3 + q**2. Let h = 58 + -67. Is i(h) prime?
True
Let n = 35 - 5. Let d = n + -32. Is d*(4 - (-2445)/(-2)) prime?
True
Let d(y) = -y**3 + 8*y**2 - 19*y + 89. Let b be d(7). Suppose -3*l + 10298 + 2165 = t, 0 = 5*t + b*l - 62275. Is t prime?
True
Let x(g) = g - 5. Let d be x(8). Suppose -3*p + 27078 = d*a, 4*a - 21969 = -2*p - 3923. Is p a composite number?
False
Suppose o + 19127 = 5*g, 0 = o - 4*o + 9. Let d = g + -2729. Is d a prime number?
True
Let x be 2 - (2002/(-70) - 4/10). Suppose 35*o - x*o = 4. Is o*(463 - 4/(-1)) composite?
False
Let s = -180 + 200. Suppose 0 = -s*h + 3556 + 6424. Is h prime?
True
Suppose 19216 = 3*j - 6*o + 8*o, -j - 4*o = -6422. Suppose -5*t + 16012 = -3*f, 6*f - 10*f - j = -2*t. Is t prime?
True
Let i(w) = w + 17. Let q be i(-17). Suppose m - 8 + 83 = q. Is 4*(-1)/(-1) - m composite?
False
Let d be -1*(-12759)/(-2)*-2. Suppose -a = i - d, -i - 20402 = -2*a + 5128. Is a a composite number?
False
Suppose -3*s + 1453987 = 3*y + 216193, -y = 4*s - 412583. Is y prime?
True
Let j be 11/3 - (-8)/6. Suppose -w = -4, 9*i + 2*w = j*i + 4084. Suppose -3*k = 5*p - 2026, i + 1659 = 4*k + 2*p. Is k a composite number?
True
Suppose 0 = -48*x - 88991 - 71185. Let l be (-2419)/2*(2 - 6). Let m = l + x. Is m prime?
False
Let m(f) = 2*f**3 - 1 - 22*f**2 - f**3 - 4 - 11*f. Let g = 220 - 197. Is m(g) a composite number?
False
Is (-250892)/12*(2 - 8) a prime number?
False
Let k(w) = 3*w**3 - 15*w**2 + 27*w + 12. Let j be k(-21). Let p = -16336 - j. Is p a composite number?
False
Suppose -13*z = -28*z - 2025. Is (-1440)/(-243) + (-10)/z a prime number?
False
Let t(p) = 122*p - 95. Let x = -510 + 528. Is t(x) composite?
True
Let m(j) = -j**3 - 11*j**2 - 9*j + 10. Let a be m(-10). Let n be (-1)/2*-16 + 2/1. Suppose -n*f + 13*f - 23007 = a. Is f prime?
True
Let l(t) = -5*t**2 - 7*t + 5. Let v be l(23). Let c = -1628 - v. Suppose 3*x + c = 6*x. Is x a prime number?
False
Suppose 29*k + 29648 = 31*k. Let n = k - -17005. Is n prime?
False
Let a be (-4)/(1 - 0)*(-266)/1064. Is -10 + 13 + -292*(-2 + a) a prime number?
False
Let o(l) = 1480*l**2 - 11*l - 14. Suppose 3*h - 9 = -b, 2*b - h + 7 = -3. Is o(b) composite?
False
Suppose 10 = -67*j + 72*j. Suppose 0 = s + 2*n - 4687, 5*n + 2606 + 6786 = j*s. Is s prime?
True
Suppose 4*v + 4*j - 18636 = 0, -4*v - 18642 = -8*v - j. Is v a prime number?
False
Let i(q) = 2*q**3 - 5*q**2 - 5*q - 9. Let l(d) = -5*d - 13. Let y be l(-4). Let p be i(y). Let g = p - 188. Is g composite?
True
Let h be 252930/22 + -1 + 65/55. Let s = -6440 + h. Is s composite?
True
Suppose -12 = 2*s - 2*f - 0*f, 0 = s - 3*f. Is (-2 - -1)/((-211624)/23513 - s) a prime number?
True
Let i = -137324 + 581382. Is i a prime number?
False
Suppose -15*c + 675 = -1995. Suppose -2*v + 5 = -705. Let i = c + v. Is i composite?
True
Let o be 86/(-30) + (-8)/60. Is (-3 - -967) + (-18)/(-3) + o a prime number?
True
Suppose 2*o + 2*k = 7*k + 29, 3*k + 11 = -2*o. Suppose 0*v = -4*w - o*v + 40, -2*v = 5*w - 51. Suppose -h + w + 38 = 2*m, 4*m - 153 = -3*h. Is h a prime number?
False
Let p = -31 + 34. Suppose -n + 12 = p*n, -50 = 2